 is the highest common divisor of 2 and w?
1
Let h be (-2)/((-1)/1*1). Suppose 0*l + 120 = h*l. Suppose -5*a + 35 = -5*w - 0*w, -3*a + 18 = -4*w. What is the greatest common divisor of a and l?
10
Let l = -359 + 529. Suppose 0 = -n + 3*n - 136. Calculate the highest common divisor of n and l.
34
Let m(y) = y**3 - 4*y**2 + y + 6. Let j be m(5). Let r = -80 - -170. Calculate the greatest common divisor of r and j.
18
Suppose 83 = 8*j - 333. What is the highest common divisor of j and 13?
13
Let s(z) = -3*z - 2. Suppose -20 = -2*n + 4*n. Let a be s(n). Calculate the greatest common factor of 7 and a.
7
Suppose 4*k = -5*u + 33, 6*k - 4*u + 12 = 2*k. Let g be ((-4)/3)/(k/(-6)). Calculate the highest common divisor of g and 20.
4
Let p be ((-22)/3)/((-12)/162). Calculate the greatest common factor of 9 and p.
9
Let y(p) = p**2 + 5*p + 1. Let b be y(-4). Let v = 6 + b. Let q be 1/v - 861/(-9). Calculate the highest common factor of q and 24.
24
Suppose w - 180 = -4*w. Suppose 2*n + 5*b - 56 = 0, 4*n + 0*b - 80 = -2*b. Calculate the highest common factor of n and w.
18
Suppose 23 - 28 = -5*y. Let j(z) = 25*z**2 - 2*z + 1. Let r be j(y). Calculate the highest common factor of 12 and r.
12
Let m be 37 - (3 - (-4)/(-2)). Let v(l) = l**2 + 3*l - 6. Let u be v(-6). What is the highest common factor of u and m?
12
Let b(x) = -17*x - 3*x + 5*x. Let y be b(-1). Calculate the highest common factor of y and 75.
15
Suppose 4*c + 3*d - 1 = -2*d, -c - d + 1 = 0. Let m(f) = 11*f - 4. Let x be m(c). What is the highest common factor of 8 and x?
8
Suppose 5*j - 2 = 18. Suppose -560 = -5*p + 5*h, -j*h + 336 = p + 2*p. What is the highest common divisor of 16 and p?
16
Let b be -3 - 4/4 - -5. What is the highest common factor of b and 3?
1
Let f be ((-2)/4)/(5/(-1250)). Suppose 0 = -5*u + 274 - 24. What is the highest common factor of f and u?
25
Suppose -t = -5 - 7. Suppose 224 = 5*n - 4*g, 5*n - 5*g = 2*n + 124. What is the greatest common factor of t and n?
12
Let l = 122 + -66. Suppose 0 = 2*s + 5*y - 43 + 2, -3*s = 2*y - l. Let w(a) = -a**3 - a**2 + 2*a. Let b be w(-3). What is the greatest common factor of b and s?
6
Suppose i - 4*t - 5 = 96, -359 = -3*i - 2*t. Let h(a) = a**2 + 4. Let w be h(3). What is the highest common factor of i and w?
13
Let h be 6 - (-5 + -1 + -1). What is the greatest common divisor of h and 494?
13
Let c(q) = q**2 + 7*q - 7. Let z be c(-8). Calculate the greatest common factor of 1 and z.
1
Suppose 4*m + 1 = 5*m. What is the greatest common factor of 7 and m?
1
Suppose 5*q - 3*k + 0*k = 183, 0 = -3*q + 2*k + 109. Calculate the greatest common divisor of q and 234.
39
Let j(i) = -5*i - 27. Let t be j(-9). What is the greatest common factor of t and 18?
18
Let h(v) = v**3 + 14*v**2 - 2*v - 24. Let j be h(-13). Let y = 11 + -22. Let k = 30 + y. Calculate the greatest common factor of j and k.
19
Suppose 0*k + k = -2*z, -k + 3 = z. Let v = 11 - k. Let p = 75 - 40. Calculate the greatest common divisor of v and p.
5
Let w(o) = -20*o + 4. Let x(v) = v + 5. Let g be x(-8). Let f be w(g). Calculate the greatest common divisor of f and 8.
8
Let u = -188 - -293. Let i be 1/((-3)/9*-1). Suppose -i*x - 4*q = -61, 4*q - 7 + 51 = 4*x. What is the highest common factor of x and u?
15
Suppose 5*m = -7*g + 2*g + 325, -2*g + 128 = 4*m. Suppose 0 = -5*j - 5 - 5. Let i be 5 + (-1)/(1 + j). Calculate the greatest common factor of i and g.
6
Let a = 3 + -7. Let w be 2/a - 170/(-4). Suppose -4*h = -h + 6, 4*h = 2*q - 218. What is the highest common divisor of q and w?
21
Let t(m) = -m**2 + 7*m + 23. Let d be t(8). Let n(a) = 14*a**2 + a. Let k be n(1). Calculate the greatest common divisor of k and d.
15
Let o be (-136)/(-22) - (-2)/(-11). Let b be (-1 + -1)/(o/(-315)). Calculate the highest common divisor of b and 42.
21
Suppose -5*l = -0 - 5. Let r(f) = -1 - 2*f - l + 0 - 50*f. Let v be r(-3). Calculate the greatest common factor of v and 14.
14
Suppose -4*a + 91 = -5. What is the greatest common divisor of 12 and a?
12
Suppose 4*n = 6 + 2. Suppose 2*o - n - 58 = 0. What is the greatest common factor of 10 and o?
10
Suppose 0 = -3*c - 42 - 42. Let v = c - -93. Calculate the highest common divisor of 26 and v.
13
Suppose 0 = g - 7 + 4. Let f(a) = 0 + 4*a**2 - 2 + a**g + 0 + 0*a**3. Let r be f(-3). What is the greatest common factor of r and 63?
7
Suppose 2*f - 1 = -7. Let i be (f/2)/(1/(-2)). Calculate the greatest common factor of i and 1.
1
Let b be (-7)/((-70)/(-24))*5. Let q be 8/3*b/(-8). Suppose -q*i + 44 = -40. What is the highest common factor of 7 and i?
7
Let k(l) = 2*l**2 + 6*l - 8. Let t be k(-10). What is the highest common divisor of t and 12?
12
Let x(b) = 4*b - 3. Let i be (14/(2 - 0))/1. Let f be x(i). Calculate the highest common factor of 10 and f.
5
Suppose 0 = -a + 4, -4*k + 4*a - 3*a = -936. Suppose -4*z + k = 2*q - 157, 2*z - 3*q = 204. Calculate the highest common divisor of z and 9.
9
Suppose -5*c - 14 = 3*n, c = 2*n + 2*n - 12. Let z(k) = k + 1. Let f be z(6). Let m = -3 + f. Calculate the greatest common factor of n and m.
2
Suppose -8*z + 60 = -3*z. What is the greatest common factor of 12 and z?
12
Let g(h) = 4*h**2 - 6*h. Let p be g(3). What is the highest common divisor of 18 and p?
18
Let c be 6/(-27) + (-2)/(-9). Let b = c + 3. What is the highest common factor of b and 21?
3
Suppose 2*w - 623 = 5*m, -2*m - 1026 - 479 = -5*w. Suppose w + 241 = 6*t. Let l(g) = 11*g - 1. Let a be l(1). What is the greatest common factor of t and a?
10
Suppose 17*t - 280 = 12*t. What is the highest common divisor of 112 and t?
56
Let c be (-7 - -35)/(0 + -1 + 2). Let p = 69 - 41. What is the highest common divisor of p and c?
28
Suppose -m - m - 38 = 0. Let r = m - -30. Let d be (3/1 - 1) + 42. What is the highest common divisor of d and r?
11
Let p be (-385)/4 - (-27)/(-36). Let r = -42 - p. Calculate the greatest common divisor of 5 and r.
5
Let a(w) = -2*w**3 - 2*w**2 + 3*w + 12. Let r be a(-4). What is the greatest common factor of 24 and r?
24
Let m be 30/(-20)*(-14)/(-1). Let g = -5 - m. Calculate the highest common factor of 112 and g.
16
Suppose -5*r + 8 + 7 = 0. Let j be 1 - (-6)/(r - 0). What is the greatest common factor of 6 and j?
3
Let y = 0 - -7. Suppose -166 = -5*j + 114. Calculate the highest common factor of y and j.
7
Let p be (9/6 + 2)*2. Let i = 10 - p. Let t be (i/6)/(1/242). What is the greatest common factor of t and 11?
11
Let b(u) = -3*u**2 - 2*u + 467. Let l(i) = 5*i**2 + 3*i - 701. Let q(m) = 8*b(m) + 5*l(m). Let d be q(0). Calculate the greatest common divisor of d and 21.
21
Suppose 2*g - 32 = -12. Suppose -6 = -4*l + g. Calculate the highest common factor of 32 and l.
4
Let p(r) = -25*r - 38. Let y be p(-9). Calculate the highest common divisor of y and 11.
11
Let a(k) = 2*k - 3. Let o be a(3). Let u be 5/(-10) - (-7)/2. Suppose -5*q + 2 = -u. Calculate the greatest common factor of q and o.
1
Let s = 7 - 3. Suppose w = s*v - 15, w = -5*v + 15 + 15. Calculate the highest common factor of v and 25.
5
Let j be (6/(-12))/((-3)/216). What is the greatest common divisor of 12 and j?
12
Let h = 9 + -4. Calculate the greatest common factor of 55 and h.
5
Let n be -597*4/(-18) + 72/(-108). What is the highest common factor of n and 44?
44
Suppose 3*u = r + 2*u - 7, 2*r = 3*u + 10. Calculate the greatest common divisor of r and 99.
11
Let p be 2092/10 - -1 - 62/310. Calculate the greatest common divisor of 15 and p.
15
Let x be 20/240 - 95/(-12). What is the highest common divisor of 1 and x?
1
Let c be -11*(-3 + 6/3). Suppose -3*r + 4 + c = 0, 0 = 4*y - 4*r - 180. Calculate the greatest common divisor of y and 10.
10
Let h be (1700/(-15))/((-1)/3). Let m = -164 + h. What is the greatest common factor of m and 16?
16
Suppose -2*c + 24 = 2*c. Suppose -s = -c*r + r + 112, 2*r = -4*s + 36. What is the greatest common factor of 11 and r?
11
Suppose -4*o + 2 = -6. Suppose 4*s = c - 5, c = -0*c - o*s + 5. Suppose 0 = 2*r + 4*q - 40, 3*r + c*q - 50 = q. What is the greatest common factor of 80 and r?
10
Suppose -a = 3*a - 44. What is the highest common divisor of 11 and a?
11
Suppose v + 2*q - 142 = 0, -3*v + 3*q + 26 + 355 = 0. Calculate the greatest common factor of v and 12.
12
Suppose 5*z - 1 - 99 = v, -80 = -4*z - 2*v. C